ulate the highest common divisor of 7 and p.
7
Suppose 8 = 4*a - 12. Suppose 86 = a*r + 11. What is the greatest common factor of r and 3?
3
Suppose 0 = -2*q - z + 846 + 951, 3*z - 1791 = -2*q. Let l = 10 + -7. Suppose -2*p = l*p - q. Calculate the highest common divisor of 20 and p.
20
Suppose 2*i = 3*k + 5*i, k - 2*i = 0. Suppose k = 4*l - 5*x - 20 - 150, -3*l + 143 = 4*x. What is the greatest common factor of 5 and l?
5
Let v be 2 + (4 - 3) - -49. Let q = v + -34. What is the highest common factor of 6 and q?
6
Let o = -4 + 15. What is the highest common divisor of o and 77?
11
Let l = 37 - 24. What is the greatest common divisor of 117 and l?
13
Suppose -c + 3*m = -33, -3*m = 6*c - 3*c - 75. Calculate the highest common factor of 9 and c.
9
Suppose -z = 2*z - 6. Suppose -z*y + 18 + 32 = 0. Calculate the highest common factor of y and 5.
5
Suppose -4*l - 4 = 0, -f + 11 = -4*l - 6. What is the greatest common factor of 52 and f?
13
Let a = 7 + 27. Calculate the greatest common factor of 102 and a.
34
Let j be (-231)/(-12) + (-15)/(-20). Calculate the greatest common factor of j and 50.
10
Suppose m - 61 - 63 = u, 3*m + u = 356. What is the greatest common factor of m and 12?
12
Let f = -64 + 113. Let h(k) = k**2 - 5*k - 8. Let u be h(6). Let a be -1*14/4*u. What is the highest common divisor of f and a?
7
Let p = -38 - -98. Suppose 5*c - p = c. What is the greatest common divisor of 15 and c?
15
Suppose 91 + 29 = 5*t. Suppose 3*p + 49 = -4*z + 199, -3*z + 104 = -2*p. What is the highest common factor of z and t?
12
Suppose 2*h + 2 - 6 = 0. Let o be (-300)/(-9) + h/(-6). Calculate the highest common divisor of o and 3.
3
Let w = -2 + 5. Suppose k = w*k - 10, 5*t - 3*k = 440. Suppose 32 = 2*n + 6. Calculate the highest common divisor of n and t.
13
Suppose -8 = 4*z, 5*y + 2*z - 558 = -202. Let m be 2*(-2 + 1) - 8. Let u be (-2 - -20)*(-5)/m. Calculate the greatest common factor of y and u.
9
Suppose 2*n = -3*y + y + 106, -4*n = -2*y - 230. Suppose 0 = -0*z - 5*z + a + 67, 4*z - 44 = 4*a. What is the highest common divisor of n and z?
14
Let z = -75 - -196. Suppose 0 = 25*j - 28*j - 255. Let d = j + z. Calculate the greatest common divisor of 9 and d.
9
Let n be 8 + -1 - (-5)/5. Let h = n - 6. Calculate the highest common factor of h and 10.
2
Let v = -7 - -4. Let p be 2/6*(-9)/v. Suppose 3*u - 8 = p. Calculate the highest common divisor of u and 1.
1
Let u(n) = -n**3 + 7*n**2 + 8*n + 9. Let t = 7 - 2. Suppose t*p = 10 + 30. Let x be u(p). What is the greatest common factor of x and 54?
9
Let m = 46 + -4. What is the greatest common factor of m and 21?
21
Let b(v) = v**2 + 4*v. Let k be b(-7). Suppose -k = -5*s + 2*s. Suppose -p = 5*i - s, p = 3*i - 2 + 1. Calculate the highest common factor of i and 7.
1
Suppose -5*a - 2*n + 14 = 0, 0 = -a - 4*a - 4*n + 8. Calculate the highest common divisor of 36 and a.
4
Suppose -3*m + 375 + 315 = 0. Calculate the greatest common factor of 23 and m.
23
Let q(x) = 14*x**3 - 2. Let v(m) = m + 2. Let y be v(0). Let f be q(y). Calculate the greatest common factor of 10 and f.
10
Let k be 10/8*(-36)/(-9). Let w be ((-20)/(-6))/((-2)/(-3)). Suppose 0 = -k*d + 4*m + 23, -4*d - 5*m + w = d. Calculate the highest common factor of 3 and d.
3
Let q be (4 + -8)/((-8)/20). What is the highest common factor of q and 190?
10
Suppose -2*w = 2*x - 38, -1 = -4*x + 11. Let n(j) = -j**3 + 5*j**2 + 4*j. Let z be n(-4). What is the greatest common factor of w and z?
16
Suppose 0 = -2*p - 4*f + 34, -2*p - f = -6*p + 50. Let o be 4/14 - 542/(-14). Calculate the greatest common factor of o and p.
13
Let k be (0 - -1) + (9 - -2). Let b(s) = -s**2 - 5*s - 2. Let j be b(-4). Suppose -4*u - j = -26. Calculate the greatest common divisor of k and u.
6
Let m = 41 + -40. Let h(x) be the third derivative of x**6/10 + x**3/6 - x**2. Let b be h(m). What is the greatest common factor of b and 91?
13
Let t(f) = f - 8. Let s be t(7). Let g = s - -1. Suppose 195 = -g*y + 3*y. Calculate the greatest common factor of y and 26.
13
Let g(x) = 4*x - 8. Let q be g(17). What is the highest common divisor of 40 and q?
20
Let j be 0 + 53 + (-2 - 1). Calculate the highest common divisor of j and 5.
5
Let w be (-4)/(-18) + (-52)/(-9). Suppose 3*u - 5 = 1. Suppose -4*k = -u*n - 66, -3*k + 3*n + 39 = -6. Calculate the greatest common divisor of k and w.
6
Let r be (4/(-3))/((-2)/(-12)). Let u(a) = -a**3 - 8*a**2 - 2*a - 4. Let f be u(r). What is the highest common factor of 84 and f?
12
Suppose -r + 34 = 3*w + 3*r, -2*r = 2*w - 20. Suppose l + 2*l = w. Let s be 51/7 - l/7. What is the highest common factor of 14 and s?
7
Let a(t) = t - 5*t**2 - 3*t**3 - 3 + 8*t**3 - 4*t**3. Let b be a(5). Calculate the highest common factor of 6 and b.
2
Let o = 45 + -27. Suppose -4*q + o = -22. Let p = 24 + q. Calculate the highest common factor of 17 and p.
17
Let i be -1*(-2 - 11) + -1. Let p be (-1 - -1)*(-1)/2. Suppose 2*u - 129 - 39 = p. What is the greatest common factor of i and u?
12
Let v(c) = 19*c**2 + 2*c + 1. Let j be v(-1). Let z be (4/(-10))/((-1)/30). What is the greatest common factor of z and j?
6
Let l(f) = -2*f. Let x be l(-1). Let r = -13 + 23. What is the highest common divisor of x and r?
2
Suppose -4*l = -4*u - l + 27, 30 = 3*u + l. Let w = u - -3. Let m(f) = 4*f**2. Let c be m(1). Calculate the greatest common divisor of c and w.
4
Let s(r) = -14*r**3 + 3*r**2 - 4. Let m be s(-2). Calculate the highest common divisor of m and 15.
15
Suppose -5*y + 993 - 88 = 0. Let w = y - 126. Calculate the greatest common divisor of 22 and w.
11
Let a be (-12)/(-42) - (-89)/7. Let z(i) = 9*i - 2. Let p be z(a). What is the highest common divisor of 46 and p?
23
Let t(p) = p**2 - 4. Let d be t(6). Let g(b) = -b + 4. Let a be 0 - -6*2/(-3). Let w be g(a). What is the greatest common divisor of d and w?
8
Suppose 5*t + 0*x = -2*x + 152, 0 = -4*t - 2*x + 120. Let z = t - 23. Calculate the greatest common divisor of 81 and z.
9
Let t(q) = q + 2. Let n be t(-3). Let s = 4 + n. Suppose 15 = s*k + k - y, -5*k = y - 30. What is the greatest common divisor of 45 and k?
5
Let o = -626 + 447. Let h = o - -1627. Let n be 8/44 - h/(-22). What is the highest common factor of 6 and n?
6
Let z = 9 + 3. Suppose -2*r + p = -645, -3*p = -r - r + 651. Suppose 4*h = -5*m + r, 5*m - 153 = 3*h - 5*h. Calculate the highest common divisor of z and h.
12
Suppose -4 - 32 = -u. What is the greatest common factor of u and 36?
36
Let o be ((-4)/3)/((-2)/(-6)). Let v be (8 - -1)*o/(-3). Calculate the greatest common factor of 6 and v.
6
Suppose 3*v + 0*v - 3 = 0. Let o = 22 - 14. Suppose -3*i = -o - 1. Calculate the greatest common factor of v and i.
1
Let j(a) = a**3 - 5*a**2 - 5*a - 4. Let l be j(6). Suppose -3*z + l*z + 1 = 0. Let x be 60/9*12 + z. Calculate the greatest common divisor of x and 9.
9
Let d(k) = -16*k - 20. Let j be d(-5). Let c(a) = a**2 - 7*a + 12. Let i be c(8). Calculate the greatest common divisor of j and i.
20
Let j(p) = 8*p**3 - 6*p**2 + 0*p**2 - 5*p - 7*p**3. Let h be j(7). What is the highest common factor of h and 28?
14
Suppose 2*r - 44 = -z, 2*z = 5*r + 20 + 86. Let y be -6 - -2 - z/(-3). Calculate the greatest common factor of y and 96.
12
Suppose -j - 131 = -c, 121 = c - 0*j + j. Calculate the greatest common factor of 18 and c.
18
Suppose -3*d + 27 = 3*v, -4*d + v = -27 - 29. What is the greatest common factor of 143 and d?
13
Suppose 0 = 3*h - 4*h + 36. Let k = 20 + 18. Let m be k/6 + (-5)/15. What is the highest common divisor of m and h?
6
Let c be (0 - (4 + -4)) + 3. Calculate the highest common factor of c and 3.
3
Let w = 50 + -36. What is the highest common divisor of 14 and w?
14
Let k(l) = 29*l**3 + 2. Let m be k(2). Calculate the greatest common factor of m and 26.
26
Let q be (-2 + -19)*12/(-14). Suppose 2*z + 5 + 11 = 0. Let u be -1 + 4/(z/(-290)). Calculate the greatest common factor of u and q.
18
Let k = -71 + 188. Calculate the greatest common factor of k and 9.
9
Suppose -5*y = 2*i - 122, 0*y - 5*i = y - 29. Let h be -2 + 9 + 0 + 1. Calculate the highest common factor of y and h.
8
Suppose -5*g + 2*c = -3*g + 2, 4*c = -5*g + 40. Suppose 0 = 5*d + 25, -3*d + 97 = -4*h + 4. Let k = h - -59. What is the greatest common factor of k and g?
4
Supp